{"id":58,"date":"2026-03-09T20:59:15","date_gmt":"2026-03-09T20:59:15","guid":{"rendered":"https:\/\/retrogame.dk\/?page_id=58"},"modified":"2026-03-17T21:38:31","modified_gmt":"2026-03-17T21:38:31","slug":"artikler","status":"publish","type":"page","link":"https:\/\/retrogame.dk\/index.php\/artikler\/","title":{"rendered":"Artikler"},"content":{"rendered":"\n<h2 class=\"wp-block-heading\"><strong>Hvad er dine spil v\u00e6rd?<\/strong><\/h2>\n\n\n\n<p><em><strong>217\/ 3\u00a0 &#8211; 202<\/strong><\/em><strong>6<br><\/strong>Spillekonsoller og spil har i l\u00f8bet af de senere \u00e5r steget i pris. Jo mere sj\u00e6ldne og i bedre stand maskinen eller spillet er, jo mere er det v\u00e6rd. Ved spillene har det ikke s\u00e5 meget om spillet er godt og rigtig fedt at spille om det er meget v\u00e6rd, men mere om hvor mange eksemplarer der er lavet.<br>Et spil som Fifa 14 til PlayStation 2, kan godt l\u00f8be op i en 150 &#8211; 200 kr. men det er mest fordi at det var det sidste spil der blev produceret til PlayStation 2.<\/p>\n\n\n\n<p><strong>Hvordan finder jeg ud af hvor meget spillet er v\u00e6rd?<\/strong><br>Mange t\u00e6nker nok at de lige tjekker eBay eller DBA for at finde priser, men det er ikke altid man kan tage de priser for givet. P\u00e5 eBay kan man se hvad ting i virkeligheden er blevet solgt til og s\u00e5 kan man bedre regulere sin pris efter det. P\u00e5 DBA m\u00e5 man jo se hvor l\u00e6nge annoncerne har lagt p\u00e5 nettet og s\u00e5 g\u00e5 ud fra det.<br>Der findes nogle sider (se link nedenfor), hvor man kan s\u00f8ge p\u00e5 spil og se hvordan den gennemsnitlige pris ligger p\u00e5 og s\u00e5 er der en del Facebook sider, hvor folk er flinke til at hj\u00e6lpe.<\/p>\n\n\n\n<p><a href=\"http:\/\/www.rarityguide.com\/\">RarityGuide.com<\/a>&nbsp;&#8211; En side hvor du kan s\u00f8ge p\u00e5 spil og se hvor sj\u00e6ldne de er og hvilket prisleje de ligger i.<br><a href=\"https:\/\/www.pricecharting.com\/\">Pricecharting.com<\/a>&nbsp;&#8211; En s\u00f8geside, hvor den&nbsp; finder priserne fra eBay, Amazon osv. og giver et skud p\u00e5 hvad spillene er v\u00e6rd.<\/p>\n\n\n\n<h2 class=\"wp-block-heading\"><strong>Retrogaming i miniformat<\/strong><\/h2>\n\n\n\n<p><strong><em>22 \/ 4 &#8211; 2021 (Redigeret 17\/03-26)<\/em><\/strong><br>I de sidste \u00e5r er der blevet udgivet alverdens forskellige spillekonsoller i en skrumpet version. Det er lige fra Atari til SEGA, Nintendo og Commodore.<br>F\u00e6lles for disse\u00a0 maskiner, er at de kan s\u00e6ttes til et nyere fladsk\u00e6rms tv samtidig med at de hver is\u00e6r indeholder nogle af de bedste spil, som kom til maskinerne i deres storhedstid.<\/p>\n\n\n\n<p>Nogle af maskinerne kom i et begr\u00e6nset oplag og blev hurtig&nbsp; udsolgt. Der var nogen der s\u00e5 det smarte i at k\u00f8be stort ind af dem og s\u00e6lge dem til overpriser til de uheldige, som ikke n\u00e5ede at f\u00e5 fat i en. Dette skete is\u00e6r med Nintendos NES Mini. Heldigvis valgte Nintendo at starte produktionen op igen, s\u00e5 dem der stadig l\u00e5 inde med nogen fra f\u00f8rste produktion, br\u00e6ndte sig lidt.<\/p>\n\n\n\n<p>Nintendo udgav senere deres SNES Mini, hvor igen priserne hurtig steg p\u00e5 steder, som Facebook og DBA.<br>Heldigvis findes der andre spillekonsoller i miniformat, som ogs\u00e5 er forholdsvis billige og stadig sjove at spille p\u00e5,&nbsp; her kan n\u00e6vnes Sony PlayStation og C64 &#8211; Mini.&nbsp;<\/p>\n\n\n\n<p>Der er sidenhen udkommet et hav af andre mini konsoller og der er ogs\u00e5 kommet mini arkademaskiner, som dem man spillede p\u00e5 hos den lokale burgerbar.<\/p>\n\n\n\n<figure class=\"wp-block-image size-full is-resized\"><img loading=\"lazy\" decoding=\"async\" width=\"190\" height=\"159\" src=\"https:\/\/retrogame.dk\/wp-content\/uploads\/2026\/03\/8c2314770b09616a6ccfe4b1fecb9386_Untitled3.png\" alt=\"\" class=\"wp-image-131\" style=\"aspect-ratio:1.1950859950859951;width:190px;height:auto\"\/><\/figure>\n\n\n\n<p><strong>\u200bNES Classic Edition<\/strong><br>Den 11 November 2016 udgav Nintendo p\u00e5 ny NES maskinen, med 30 af de mest popul\u00e6re spil indbygget deri.<br>Den blev meget hurtigt en k\u00e6mpe succes og var p\u00e5 et tidspunkt umulig at opdrive nogen steder. Der blev dog senere lavet en ny portion af dem.<\/p>\n\n\n\n<figure class=\"wp-block-image size-full\"><img loading=\"lazy\" decoding=\"async\" width=\"190\" height=\"190\" src=\"https:\/\/retrogame.dk\/wp-content\/uploads\/2026\/03\/d1277479bd58b4558ee2894f0ae243aa_Untitled2.png\" alt=\"\" class=\"wp-image-134\" srcset=\"https:\/\/retrogame.dk\/wp-content\/uploads\/2026\/03\/d1277479bd58b4558ee2894f0ae243aa_Untitled2.png 190w, https:\/\/retrogame.dk\/wp-content\/uploads\/2026\/03\/d1277479bd58b4558ee2894f0ae243aa_Untitled2-150x150.png 150w, https:\/\/retrogame.dk\/wp-content\/uploads\/2026\/03\/d1277479bd58b4558ee2894f0ae243aa_Untitled2-100x100.png 100w\" sizes=\"auto, (max-width: 190px) 100vw, 190px\" \/><\/figure>\n\n\n\n<p><strong>\u200bSuper Nintendo Classic<\/strong><br>Den 29 september udgav Nintendo s\u00e5 deres SNES Mini. Pakken indeholder 1 konsol, som indeholder 20 spil. Pakken indeholder ogs\u00e5 2 controllere. Maskinen laves ikke mere, men den kommer sommetider til salg p\u00e5 nettet til svimlende priser.<\/p>\n\n\n\n<figure class=\"wp-block-image size-full is-resized\"><img loading=\"lazy\" decoding=\"async\" width=\"679\" height=\"674\" src=\"https:\/\/retrogame.dk\/wp-content\/uploads\/2026\/03\/d74c097aa973e45a8051f89ebe620dfd_71ycQDpkjDL._AC_SX679_.jpg\" alt=\"\" class=\"wp-image-135\" style=\"aspect-ratio:1.0074185696070477;width:193px;height:auto\" srcset=\"https:\/\/retrogame.dk\/wp-content\/uploads\/2026\/03\/d74c097aa973e45a8051f89ebe620dfd_71ycQDpkjDL._AC_SX679_.jpg 679w, https:\/\/retrogame.dk\/wp-content\/uploads\/2026\/03\/d74c097aa973e45a8051f89ebe620dfd_71ycQDpkjDL._AC_SX679_-300x298.jpg 300w, https:\/\/retrogame.dk\/wp-content\/uploads\/2026\/03\/d74c097aa973e45a8051f89ebe620dfd_71ycQDpkjDL._AC_SX679_-150x150.jpg 150w, https:\/\/retrogame.dk\/wp-content\/uploads\/2026\/03\/d74c097aa973e45a8051f89ebe620dfd_71ycQDpkjDL._AC_SX679_-416x413.jpg 416w, https:\/\/retrogame.dk\/wp-content\/uploads\/2026\/03\/d74c097aa973e45a8051f89ebe620dfd_71ycQDpkjDL._AC_SX679_-100x100.jpg 100w\" sizes=\"auto, (max-width: 679px) 100vw, 679px\" \/><\/figure>\n\n\n\n<p><strong>\u200bPlayStation Classic<\/strong><br>Kom tilbage til 90&#8217;erne da PlayStation var enhver drenges dr\u00f8m. Nu kan den genopleves i en 45% mindre st\u00f8rrelse, med 20 indbyggede spil og 2 klassiske controllere.<br>Vores mening er at det er en sjov lille maskine, der bringer minderne frem, men kvaliteten af controllerne er ringe, oplever tit at knapperne\u00a0<br>s\u00e6tter sig fast n\u00e5r man spiller.<\/p>\n\n\n\n<figure class=\"wp-block-image size-full is-resized\"><img loading=\"lazy\" decoding=\"async\" width=\"561\" height=\"481\" src=\"https:\/\/retrogame.dk\/wp-content\/uploads\/2026\/03\/segaclassic.png\" alt=\"\" class=\"wp-image-137\" style=\"aspect-ratio:1.1663255693077348;width:194px;height:auto\" srcset=\"https:\/\/retrogame.dk\/wp-content\/uploads\/2026\/03\/segaclassic.png 561w, https:\/\/retrogame.dk\/wp-content\/uploads\/2026\/03\/segaclassic-300x257.png 300w, https:\/\/retrogame.dk\/wp-content\/uploads\/2026\/03\/segaclassic-416x357.png 416w\" sizes=\"auto, (max-width: 561px) 100vw, 561px\" \/><\/figure>\n\n\n\n<p><strong>\u200bSEGA Mega Drive Classic<\/strong><br>SEGA&#8217;s mini konsol med 80 indbyggede spil og 2 tr\u00e5dl\u00f8se controllere.<br>Det smarte ved denne mini konsol er at du faktisk kan s\u00e6tte originale sega spil i den og spille dem.<\/p>\n\n\n\n<figure class=\"wp-block-image size-full is-resized\"><img loading=\"lazy\" decoding=\"async\" width=\"400\" height=\"272\" src=\"https:\/\/retrogame.dk\/wp-content\/uploads\/2026\/03\/c64mini.png\" alt=\"\" class=\"wp-image-139\" style=\"aspect-ratio:1.4706727178721204;width:206px;height:auto\" srcset=\"https:\/\/retrogame.dk\/wp-content\/uploads\/2026\/03\/c64mini.png 400w, https:\/\/retrogame.dk\/wp-content\/uploads\/2026\/03\/c64mini-300x204.png 300w\" sizes=\"auto, (max-width: 400px) 100vw, 400px\" \/><\/figure>\n\n\n\n<p><strong>\u200bThe C64 Mini<\/strong><br>Atari har lavet en, Sega har lavet en og de sidste to \u00e5r har vi set dem komme fra Nintendo og nu er turen kommet til Commodore 64.<br>Konsollen kommer med 64 spil indbygget. I pakken er der inkluderet et klassisk joystik s\u00e5 man f\u00e5r den rigtige f\u00f8lelse.<\/p>\n\n\n\n<figure class=\"wp-block-image size-full is-resized\"><img loading=\"lazy\" decoding=\"async\" width=\"251\" height=\"215\" src=\"https:\/\/retrogame.dk\/wp-content\/uploads\/2026\/03\/atari.png\" alt=\"\" class=\"wp-image-140\" style=\"aspect-ratio:1.167538886466056;width:194px;height:auto\"\/><\/figure>\n\n\n\n<p><strong>Atari Flashback 8<\/strong><br>Atari Flashback 8 er mini udgaven af en Atari 2600 fra 70\u00e9rne. Den er udkommet i flere varianter, hvor denne nr. 8\u00a0 har 105 indbyggede spil samt 2 controllere. Et af de mere popul\u00e6re spil i pakken er spillet Pittfall.<\/p>\n\n\n\n<p><\/p>\n","protected":false},"excerpt":{"rendered":"<p>Hvad er dine spil v\u00e6rd? 217\/ 3\u00a0 &#8211; 2026Spillekonsoller og spil har i l\u00f8bet af de senere \u00e5r steget i pris. Jo mere sj\u00e6ldne og i bedre stand maskinen eller spillet er, jo mere er det v\u00e6rd. Ved spillene har det ikke s\u00e5 meget om spillet er godt og rigtig fedt at spille om det [&hellip;]<\/p>\n","protected":false},"author":1,"featured_media":0,"parent":0,"menu_order":0,"comment_status":"closed","ping_status":"closed","template":"","meta":{"footnotes":""},"class_list":["post-58","page","type-page","status-publish","hentry"],"jetpack_sharing_enabled":true,"_links":{"self":[{"href":"https:\/\/retrogame.dk\/index.php\/wp-json\/wp\/v2\/pages\/58","targetHints":{"allow":["GET"]}}],"collection":[{"href":"https:\/\/retrogame.dk\/index.php\/wp-json\/wp\/v2\/pages"}],"about":[{"href":"https:\/\/retrogame.dk\/index.php\/wp-json\/wp\/v2\/types\/page"}],"author":[{"embeddable":true,"href":"https:\/\/retrogame.dk\/index.php\/wp-json\/wp\/v2\/users\/1"}],"replies":[{"embeddable":true,"href":"https:\/\/retrogame.dk\/index.php\/wp-json\/wp\/v2\/comments?post=58"}],"version-history":[{"count":7,"href":"https:\/\/retrogame.dk\/index.php\/wp-json\/wp\/v2\/pages\/58\/revisions"}],"predecessor-version":[{"id":142,"href":"https:\/\/retrogame.dk\/index.php\/wp-json\/wp\/v2\/pages\/58\/revisions\/142"}],"wp:attachment":[{"href":"https:\/\/retrogame.dk\/index.php\/wp-json\/wp\/v2\/media?parent=58"}],"curies":[{"name":"wp","href":"https:\/\/api.w.org\/{rel}","templated":true}]}}